alse
Is 8 a factor of 4363033?
False
Is 34 a factor of 906236?
True
Is 1897530 a multiple of 6?
True
Does 16 divide 107680?
True
Is 20 a factor of 119548?
False
Does 118 divide 34618?
False
Is 26379 a multiple of 27?
True
Does 5 divide 28250?
True
Does 85 divide 65195?
True
Is 51984 a multiple of 32?
False
Does 716 divide 647605?
False
Does 23 divide 8251?
False
Does 7 divide 131737?
False
Is 144913 a multiple of 11?
False
Is 3209834 a multiple of 46?
True
Is 1389489 a multiple of 79?
False
Does 259 divide 55426?
True
Does 7 divide 1241981?
False
Does 28 divide 216804?
True
Does 15 divide 8026406?
False
Does 6 divide 263211?
False
Does 31 divide 1145295?
True
Is 6931580 a multiple of 185?
True
Does 70 divide 3142939?
False
Is 3364735 a multiple of 904?
False
Does 1283 divide 696669?
True
Is 5 a factor of 130477?
False
Is 8378082 a multiple of 67?
True
Does 17 divide 267461?
True
Does 74 divide 78070?
True
Does 241 divide 436933?
True
Does 348 divide 271788?
True
Does 9 divide 1966554?
True
Does 179 divide 411603?
False
Does 26 divide 1274240?
False
Is 1085079 a multiple of 5?
False
Does 329 divide 18134151?
True
Is 52760 a multiple of 2?
True
Does 15 divide 1590683?
False
Does 119 divide 3872604?
False
Is 11 a factor of 102850?
True
Is 17 a factor of 13093?
False
Does 1497 divide 7130598?
False
Is 83 a factor of 188435?
False
Does 153 divide 327866?
False
Is 13 a factor of 26338?
True
Is 1394629 a multiple of 17?
True
Does 15 divide 6860595?
True
Is 6 a factor of 71394?
True
Does 2 divide 54339?
False
Does 32 divide 3880288?
True
Is 46 a factor of 2158806?
False
Does 326 divide 570826?
True
Is 2237007 a multiple of 294?
False
Does 65 divide 609247?
False
Does 106 divide 29482628?
True
Is 75 a factor of 940788?
False
Is 170 a factor of 58073?
False
Does 3 divide 138531?
True
Is 1399519 a multiple of 52?
False
Does 36 divide 53460?
True
Is 37 a factor of 1241738?
False
Is 8907847 a multiple of 289?
True
Is 157 a factor of 568459?
False
Is 26606 a multiple of 502?
True
Does 663 divide 866371?
False
Is 1702531 a multiple of 87?
False
Is 602972 a multiple of 97?
False
Is 40 a factor of 52600?
True
Does 23 divide 5546529?
False
Does 50 divide 27050?
True
Is 113 a factor of 2765164?
False
Is 433350 a multiple of 81?
True
Is 7 a factor of 36638?
True
Does 131 divide 156269?
False
Is 9 a factor of 317781?
True
Is 57 a factor of 9664350?
True
Does 11 divide 50172?
False
Is 86255 a multiple of 18?
False
Is 356 a factor of 249912?
True
Is 1178533 a multiple of 764?
False
Does 14 divide 13177528?
True
Does 24 divide 2871672?
True
Is 451 a factor of 3574626?
True
Is 4665307 a multiple of 17?
False
Is 9 a factor of 375075?
True
Is 1350965 a multiple of 425?
False
Is 476 a factor of 2016812?
True
Does 15 divide 557820?
True
Is 102780 a multiple of 30?
True
Does 88 divide 16075576?
True
Is 69436 a multiple of 14?
False
Does 243 divide 624024?
True
Is 1111018 a multiple of 82?
True
Does 116 divide 72152?
True
Is 450630 a multiple of 135?
True
Is 664125 a multiple of 15?
True
Is 427240 even?
True
Is 76929 a multiple of 6?
False
Is 150 a factor of 6849?
False
Is 22 a factor of 292798?
True
Does 282 divide 2355?
False
Does 78 divide 675156?
False
Is 62 a factor of 239444?
True
Is 968 a factor of 14320005?
False
Is 183 a factor of 109617?
True
Is 34030 a multiple of 205?
True
Does 384 divide 700024?
False
Does 11 divide 59495?
False
Does 5 divide 6088165?
True
Is 974337 a multiple of 21?
True
Is 302 a factor of 2020819?
False
Is 14005050 a multiple of 75?
True
Is 1073635 a multiple of 4?
False
Is 741720 a multiple of 21?
True
Does 66 divide 3846096?
False
Is 196448 a multiple of 8?
True
Is 40907 a multiple of 19?
True
Is 1274 a factor of 5885873?
False
Is 1276514 a multiple of 124?
False
Is 85 a factor of 7435954?
False
Is 830336 a multiple of 38?
False
Is 93976 a multiple of 13?
False
Is 21582 a multiple of 26?
False
Is 23 a factor of 93609?
False
Does 26 divide 5765011?
False
Is 101169 a multiple of 34?
False
Does 37 divide 208902?
True
Is 21574 a multiple of 23?
True
Is 13 a factor of 870486?
False
Is 16 a factor of 328642?
False
Is 130 a factor of 17391318?
False
Is 19 a factor of 295507?
True
Does 20 divide 1353488?
False
Is 28868 a multiple of 61?
False
Does 72 divide 1202256?
True
Is 1636182 a multiple of 102?
True
Is 47 a factor of 21234800?
False
Does 217 divide 3383898?
True
Is 979732 a multiple of 210?
False
Does 16 divide 1527616?
True
Is 1761924 a multiple of 183?
True
Is 9 a factor of 121501?
False
Does 122 divide 3246664?
True
Is 10 a factor of 45410?
True
Is 67 a factor of 795354?
False
Is 34 a factor of 40222?
True
Is 371112 a multiple of 212?
False
Does 31 divide 27608?
False
Does 7 divide 340389?
True
Is 134 a factor of 630604?
True
Is 642385 a multiple of 12?
False
Does 199 divide 56785?
False
Is 270 a factor of 103762?
False
Is 418500 a multiple of 186?
True
Is 372890 a multiple of 2?
True
Does 531 divide 113485?
False
Is 15 a factor of 1658235?
True
Is 381186 a multiple of 234?
True
Is 24 a factor of 1715950?
False
Is 7085081 a multiple of 589?
True
Does 6 divide 1960836?
True
Is 14730160 a multiple of 680?
True
Is 220796 a multiple of 68?
True
Does 838 divide 1610636?
True
Is 24120 a multiple of 179?
False
Is 3 a factor of 29087?
False
Is 148 a factor of 89836?
True
Is 2841244 a multiple of 113?
False
Is 1246462 a multiple of 49?
True
Does 5 divide 564163?
False
Is 274040 a multiple of 34?
True
Is 22671519 a multiple of 31?
False
Does 761 divide 773937?
True
Is 97 a factor of 2864533?
False
Does 22 divide 136906?
True
Is 69 a factor of 136206?
True
Is 2 a factor of 16895?
False
Is 413 a factor of 38409?
True
Is 32 a factor of 426745?
False
Does 16 divide 261840?
True
Does 923 divide 2739240?
False
Is 195 a factor of 105150?
False
Does 11 divide 29216?
True
Is 19 a factor of 226918?
False
Is 27 a factor of 128726?
False
Does 61 divide 1538843?
False
Does 17 divide 56678?
True
Does 7 divide 1016235?
False
Does 3 divide 153355?
False
Does 32 divide 106707?
False
Is 132 a factor of 3390135?
False
Is 46216 a multiple of 53?
True
Does 94 divide 88454?
True
Is 166 a factor of 10818220?
True
Is 79479 a multiple of 9?
True
Does 7 divide 13426?
True
Is 1311 a factor of 3596073?
True
Is 15 a factor of 4039380?
True
Is 20 a factor of 214922?
False
Is 173 a factor of 2778488?
False
Is 6412944 a multiple of 1084?
True
Is 2121 a multiple of 4?
False
Is 23537971 a multiple of 79?
True
Is 3 a factor of 330606?
True
Does 89 divide 1638573?
False
Is 299097 a multiple of 90?
False
Is 30 a factor of 4223010?
True
Does 9 divide 3138?
False
Is 442026 a multiple of 234?
True
Is 435555 a multiple of 5?
True
Is 3360742 a multiple of 11?
True
Is 12 a factor of 242616?
True
Is 180 a factor of 145709?
False
Does 21 divide 133854?
True
Is 68578 a multiple of 8?
False
Does 1158 divide 13404730?
False
Is 2 a factor of 639506?
True
Is 145 a factor of 414700?
True
Is 5823028 a multiple of 5?
False
Does 19 divide 2133510?
True
Is 22816 a multiple of 4?
True
Is 40549 a multiple of 180?
False
Is 27364 a multiple of 35?
False
Is 14674576 a multiple of 14?
True
Is 1204173 a multiple of 3?
True
Is 77792 a multiple of 442?
True
Is 154552 a multiple of 13?
False
Is 153069 a multiple of 80?
False
Is 1459715 a multiple of 17?
False
Is 27 a factor of 1323027?
True
Is 7 a factor of 56497?
True
Is 587 a factor of 1536725?
False
Is 96 a factor of 22464?
True
Is 41 a factor of 14922237?
True
Is 389367 a multiple of 253?
True
Does 505 divide 163090?
False
Is 3 a factor of 241060?
False
Is 29832 a multiple of 6?
True
Does 23 divide 258135?
False
Does 236 divide 4403492?
False
Is 382 a factor of 1307204?
True
Is 2733246 a multiple of 18?
True
Is 3725850 a multiple of 60?
False
Is 7 a factor of 1041145?
True
Is 7879380 a multiple of 20?
True
Does 37 divide 77370?
False
Is 191 a factor of 1330315?
True
Does 24 divide 7176?
True
Is 99 a factor of 11143730?
False
Is 64296 a multiple of 152?
True
Is 145 a factor of 43556?
False
Is 129747 a multiple of 183?
True
Is 353 a factor of 54772?
False
Is 349912 a multiple of 64?
False
Does 202 divide 55002?
False
Does 18 divide 12148776?
True
Does 15 divide 864976?
False
Is 26 a factor of 1918269?
False
Is 1308660 a multiple of 17?
True
Is 27 a factor 